e
Let k(b) = 30*b**2 + 1. Let w be 2/8*(-1 - 1)*2. Is 6 a factor of k(w)?
False
Let t = -126 - -72. Let o = -10 - 0. Let g = o - t. Is g a multiple of 11?
True
Let q(w) = -w**2 + 6*w + 4. Let n be q(6). Suppose -2*y + 6 = y + 3*z, 0 = 2*y - 3*z - n. Suppose -3*j + 2*j = -5*o + 6, -62 = -5*j + y*o. Is j a multiple of 7?
True
Let o be 12/10*40/12. Suppose -o*p - 199 = 273. Let l = p - -209. Does 26 divide l?
False
Let j = -60 + 60. Suppose 570 = -j*w + 3*w. Is w a multiple of 38?
True
Let r(p) = 48*p**3 + 2*p**2 - 4*p + 2. Let t be (-9)/(-36)*(-1 + 5). Is 5 a factor of r(t)?
False
Suppose 7*n + 6 + 1 = 0. Let x = 3 - 9. Is 3 a factor of (7 + x)/(n/(-13))?
False
Let x(t) = -t**2 + 0*t**2 + 3*t**2 - t + 2*t. Let s be x(0). Suppose 0 = -3*l - s*l - 2*b + 149, 3*b - 150 = -3*l. Is 17 a factor of l?
False
Suppose 0 = -2*d - 5*p + 10, 2*d + 3*p = 7 - 1. Suppose 548 = 4*m - 4*q, m + 2*q - 7*q - 121 = d. Is m a multiple of 47?
True
Suppose 10*t - 406 = 304. Does 3 divide t?
False
Suppose -4*i - 35*m = -36*m - 981, -5*i + 4*m = -1218. Does 2 divide i?
True
Let g = -12 + 14. Suppose -g*k = -7*k + 95. Is k a multiple of 16?
False
Let z(o) = -17*o - 2. Let n be z(-7). Suppose -3*b + 295 = 5*c, 2*c = b - 2*b + n. Is 8 a factor of c?
True
Suppose 2*u - 4*h - 288 = 0, u + 2*u + 3*h = 423. Let j = -37 + u. Is j a multiple of 8?
False
Let i(a) = 2*a - 22. Let w be i(10). Is w/6 + 441/27 a multiple of 2?
True
Let s be 5 - (-72)/4 - (0 - -3). Let q = 22 - s. Is q even?
True
Is -5*(-4)/(-40) + (-114)/(-4) even?
True
Suppose 0 = 3*u - 1208 - 1672. Is u a multiple of 30?
True
Let c(x) = -253*x. Let b be c(-1). Suppose -5*g + 2*g + 3*u + 201 = 0, b = 4*g - u. Does 13 divide g?
False
Let q(o) = -29*o - 18. Let l be q(-5). Let m(u) = -12*u - 7. Let c be m(6). Let h = c + l. Does 14 divide h?
False
Let p be 4/(-6) - (-225)/(-27). Let g be (-10)/(-4) - p/6. Suppose 0 = g*w + t + 2*t - 120, -5*w + 150 = t. Is w a multiple of 10?
True
Let q be -2 + (4 - 0) + 5. Let o(a) = -a**3 + 9*a**2 - 11*a. Does 5 divide o(q)?
False
Suppose -7945 = -9*q + 22007. Is q a multiple of 104?
True
Suppose 2*z + 1 + 4 = -3*f, -2*f + 2 = 4*z. Does 13 divide -3 - 25/(-5)*22/z?
True
Suppose 0 = -3*z + 8*z - 900. Let d(q) = q**3 - q**2 - 1. Let v be d(2). Suppose k + v*k = z. Is k a multiple of 15?
True
Let b(i) = i**3 - 3*i**2 - 3*i + 6. Suppose 0 = 8*w - 13 - 27. Is b(w) a multiple of 8?
False
Let n(s) = 2*s + 16. Let o be n(-5). Suppose -o*z + 160 = -2*z. Does 8 divide z?
True
Suppose 5*w = m - 258, -2*m - 4*w = -0*m - 488. Does 9 divide m?
False
Let l(q) = 4*q**2 + 7*q - 84. Is 17 a factor of l(-14)?
False
Suppose -w + 2*a = 3*a - 770, -2*a = -10. Does 17 divide w?
True
Let v be 0/2*(-2)/2. Suppose -4*i - 8 + 152 = v. Does 9 divide i?
True
Let q(o) be the second derivative of o**5/20 - 7*o**4/6 - 7*o**3/3 - o**2 + 4*o. Does 2 divide q(15)?
False
Let h(p) = p**3 - 13*p**2 - 14*p. Let g be h(14). Suppose -2*o = -g*o. Suppose t + o*t + 2 = 0, -5*m - 5*t + 255 = 0. Does 12 divide m?
False
Suppose 0 = -19*m + 16*m + 117. Is 3 a factor of m?
True
Suppose 0 = w - 4*h - 17, 0 = 2*h + 3*h + 15. Suppose -w*a - 5*j + 260 = 0, -83 = -2*a + 2*j + 5. Let l = a - 13. Does 32 divide l?
False
Let z(n) = n**3 + 12*n**2 - n - 10. Let f be z(-12). Suppose 5*i + f + 83 = 5*h, 64 = 2*h + 4*i. Let o = h + -17. Is o a multiple of 2?
False
Suppose u = 2, 4*u + 4519 = 3*g + 879. Is g a multiple of 15?
False
Let b = -8 - -13. Suppose -447 + 57 = -b*g. Is 13 a factor of (-1)/(1*(-2)/g)?
True
Let y(n) = -2*n**2 + 55*n + 33. Let g be y(28). Is 40 a factor of 3609/45 - 1/g?
True
Let z(w) be the first derivative of -33*w**2/2 + w - 2. Let l be z(1). Let b = 0 - l. Is 8 a factor of b?
True
Suppose -426*v - 2844 = -432*v. Is 79 a factor of v?
True
Suppose -3*q - 5*d = -1, 0 = q - 0*d + 2*d. Suppose -75 = -5*a + q*a. Let j = -14 + a. Does 11 divide j?
True
Let o(t) = -22*t + 101. Does 27 divide o(-25)?
False
Suppose -5*o = -4*o - 2. Let t(v) be the third derivative of 17*v**4/12 + v**3/6 - v**2. Is 23 a factor of t(o)?
True
Suppose -2*j + 3*y = -5, 0 = 2*j - 0*j - 5*y - 3. Suppose -4 = l + 2*f - 7*f, j*l = 3*f - 33. Does 6 divide (l/(-2))/(9/12)?
True
Suppose 12750 = 20*d - 3*d. Does 18 divide d?
False
Suppose 4*k + 30 = -5*f + 370, 164 = 2*f - 4*k. Suppose a + 5 - f = 0. Does 6 divide a?
False
Let l = 6631 + -4342. Is 45 a factor of l?
False
Suppose 5*x + 104 + 61 = 0. Let p be x/9 - (-10)/15. Does 2 divide p + 7*(-3)/(-3)?
True
Let g(n) = -12*n - 40. Let o be g(-12). Does 2 divide ((-494)/o)/((-1)/4)?
False
Suppose 8*v - 2812 = 2700. Is v/3 - -3*(-8)/36 a multiple of 42?
False
Is (-48)/(-40)*5 - 14*-1 a multiple of 4?
True
Suppose 2744 = -82*x + 89*x. Does 14 divide x?
True
Let x be ((-68)/1)/(3 + -2). Let c be 12/(3 - x/(-24)). Suppose -4*i = -i - c. Is 10 a factor of i?
False
Let o(i) = -i**3 - 33*i**2 - 59*i - 35. Does 57 divide o(-32)?
False
Let k(z) = -1 - 45*z + 45*z - z**2. Let s be k(-2). Is 3 + (-5)/(s/11) a multiple of 4?
False
Let z(c) = -c - 8. Let a be z(-12). Suppose -x = 3, -2*x = -m - a + 24. Suppose m = 2*h - 0*h. Does 2 divide h?
False
Is 2 a factor of (4/7)/(-1 - 1331/(-1309))?
True
Suppose 0 = 18*d - 86*d + 80716. Does 65 divide d?
False
Suppose 0 = 3*j + j - 1344. Suppose -3*i - 284 = -4*c, -5*c + j = -0*c + i. Suppose 13 - c = -5*f. Does 11 divide f?
True
Suppose -60*c + 54*c = -4368. Does 14 divide c?
True
Let n(t) = 2*t + 87. Is 13 a factor of n(15)?
True
Suppose 78 = -6*i + 12. Let s be (i/(-3) - 1)*-3. Let y = s + 29. Is 21 a factor of y?
True
Let c be (12/9)/(2/3*1). Suppose 3*x - c*v = -6*v + 291, -4*x - 4*v = -384. Is x a multiple of 19?
False
Let u be 5 - 2/(-1)*-6. Let l = u - -83. Is 4 a factor of l?
True
Suppose -5 = 7*v + 9. Does 5 divide 2 - 7*-5 - v?
False
Suppose -24928 = -29*s - 684. Is 76 a factor of s?
True
Let a(f) = f**2 + 5*f + 75. Is a(17) a multiple of 30?
False
Let b(a) = a**3 + 15*a**2 - 16*a + 4. Let t be b(-16). Suppose 0 = -3*j - t*j + 42. Is j a multiple of 3?
True
Let d be 3/4*8/12*12. Let t = 95 - d. Does 7 divide t?
False
Suppose 0*u = u + 14. Let k be -67 - 2*(4 - 5). Let v = u - k. Is 17 a factor of v?
True
Let w(y) = -y**2 + 8*y + 9. Let x be w(-6). Does 13 divide (-20)/(-5) + -1 - x?
True
Let p(f) be the first derivative of f**4/4 + 10*f**3/3 + 3*f**2 + 10*f - 16. Is p(-9) a multiple of 20?
False
Let m(k) = 0*k - 3*k - 4*k + 6 + 0. Let w be m(-4). Suppose 0 = -0*n + n - w. Is n a multiple of 8?
False
Let p = -1005 - -1113. Is 5 a factor of p?
False
Let p = -66 + 73. Is p a multiple of 5?
False
Suppose 0*i = -4*i + 8. Suppose -14*m = -13*m. Suppose m = -0*f - f + i. Is f a multiple of 2?
True
Let s(q) = 24*q - 12. Let a be s(4). Suppose 87*g - 345 = a*g. Is 11 a factor of g?
False
Suppose 9*f = 11*f - 4*s - 1346, 3*s + 670 = f. Is f a multiple of 7?
True
Let a = 798 + -679. Is 16 a factor of a?
False
Let r = 11 - 7. Suppose r*i = 3*i - 227. Let l = i - -321. Is 25 a factor of l?
False
Let n(y) be the second derivative of -y**5/20 - y**4/2 - y**3/3 - 15*y**2/2 - 4*y. Does 30 divide n(-8)?
False
Let x(c) = 31*c. Let f be x(-1). Let w = 33 + f. Suppose -56 = -0*o - w*o. Does 4 divide o?
True
Suppose 0 = -9*y - 10*y + 2888. Does 23 divide y?
False
Let w(q) = 8*q**3 - 3*q**2 - 11*q + 9. Is 13 a factor of w(4)?
True
Let r = -77 - -345. Suppose -7*w = -3*w - r. Suppose -w = -5*z + 133. Does 10 divide z?
True
Suppose -5*t = b - 0*b - 49, 4*t = 3*b + 43. Suppose 0 = -3*w + 5 + t. Suppose 0 = -v - d + 35, 3*d - d = -w*v + 187. Is 10 a factor of v?
False
Let f = -48 - 89. Let n = -83 - f. Does 14 divide n?
False
Let j = -19 - -21. Suppose -4 = j*h - 156. Suppose -2*b - 2*b = -h. Does 19 divide b?
True
Let y(w) = 3*w + 23. Let m be y(-5). Let h(z) = -z**2 + 16*z - 1. Is 19 a factor of h(m)?
False
Is 8 a factor of (-12)/(-10) + (-10968)/(-60)?
True
Let s(w) = w - 14. Let o be s(18). Is 23 a factor of (o/(-2))/(26/(-663))?
False
Let t(w) = w**3 + 23*w**2 + 2*w - 23. Does 33 divide t(-22)?
False
Let x(z) = z**2 + z + 1. Let m be x(0). Suppose -4*j + 1 = 4*h - 3, -3*j - 5*h - m = 0. Let f = j + 6. Does 4 divide f?
False
Suppose -4*u - 4*v = -384, -2*u + 3*v + 206 = -2*v. Suppose u + 212 = 5*l. Does 16 divide l?
False
Is (88/(-55))/((-4)/200) a multiple of 9?
False
Suppose 5*x = 202